). Suppose 4*c - 5*b + 4 = 12, j = -4*c + 2*b + 20. What is the units digit of c?
7
Suppose -54 = -3*w - 0*w. Suppose 18 = 3*p - 3*r, -4*r = -6 + w. What is the units digit of p?
3
Suppose 9*f = 4*f - 3*b - 5, -10 = 2*b. Suppose 0 = -4*v - 16, -f*n - 20 = -6*n + 2*v. What is the units digit of n?
3
Let o(y) = -2*y**3 - 9*y**2 - 6*y - 2. Let u(f) = f**3 + f**2. Let i(r) = o(r) + 3*u(r). What is the units digit of i(7)?
5
Let c(m) = -m**2 + 6*m - 1. Let y be c(5). What is the tens digit of y/(-16) + 106/8?
1
Suppose -a = 3*u - 7, 0 = -u - 2 - 3. What is the units digit of a?
2
Let l be 2*2/(-4)*-2. Let w(g) = g**2 - 4*g + 3. Let b be w(4). Suppose u + z = 0, -l*u + 8 = -b*u - 3*z. What is the units digit of u?
4
What is the units digit of (0 - (-4)/2) + 41?
3
Suppose 2*v = -4, 0*v + 6 = -2*t - 5*v. Suppose 52 = 3*s + c, 2*s - 36 = -t*c + c. What is the units digit of s?
6
Suppose -3 = d - 2*d. Suppose v = -3*k + 5*k + 6, 3 = d*k. What is the units digit of v?
8
Let v be (-42)/(((-18)/4)/3). Let z(x) = -3*x - 1. Let c be z(-4). Suppose -3*n + f + 48 = 0, 3*n = -2*f + c + v. What is the units digit of n?
5
Suppose h + 3*h = 4*i - 252, -2*i - 3*h + 121 = 0. What is the units digit of i?
2
Suppose 2 - 4 = -w. Suppose -w*u - u + 6 = 0. Suppose 0*y = -u*y + 24. What is the units digit of y?
2
Suppose -8*j + 9*j - 26 = 0. What is the tens digit of j?
2
Suppose 4*w - 5*q - 25 = w, -5*w - 2*q = 10. Let y = 14 + -11. Let b = w + y. What is the units digit of b?
3
Let h(x) = -39*x - 48. What is the hundreds digit of h(-7)?
2
Suppose -4*k - 5*u + 484 = 0, -121 = -k - 0*u - u. What is the hundreds digit of k?
1
Let r be 0/(2 + 1) + 3. Let g be 148/3 + 2/3. Suppose g = r*y + 2*y. What is the tens digit of y?
1
Let t(m) = -m**2 + m + 36. Let v be t(0). Suppose 3*j - v = 12. What is the units digit of j?
6
Suppose 0 = -2*p + 4*p + 4*q + 8, -2 = 5*p + 4*q. What is the units digit of p/(-1) + (15 - 2)?
1
Suppose k = -4*k + 10. What is the tens digit of k/7 - (-178)/14?
1
Let a = 566 + -351. What is the hundreds digit of a?
2
Let l(j) = -4*j - 2*j**2 + 12 + 3*j**2 - 3*j + 2*j. Let x be l(9). Suppose 0 = -z - 3*z + x. What is the units digit of z?
2
Let g = 597 + -408. What is the units digit of g?
9
Suppose 2*o = -8, -2*a - o = -4*o - 16. Let n(h) = 4*h**3 + h + 1 - h**3 + 0 - 2*h**a. What is the units digit of n(2)?
9
Let b be 4/(-18) - 1124/(-36). Suppose -5*v = b - 101. What is the units digit of v?
4
Let j(p) = p**2 - 1. Let y be j(1). Let t(n) = -n**2 - n + 6 + y*n**2 + 0*n**2. What is the units digit of t(0)?
6
Let f = -73 + 84. Let w = -1 + 0. Let z = f + w. What is the units digit of z?
0
Let a(l) = 2*l + 9. Let f be a(-6). What is the units digit of 3*3/(-27)*f?
1
Let g(t) = 3*t + 4 + 1 - t - t. What is the tens digit of g(13)?
1
Let t = 22 + 10. What is the tens digit of t?
3
Suppose -1 = 3*r - 13, 0 = 5*t - 4*r + 16. Suppose -n + 0 + 2 = t. Suppose j = y + 1, -n*j + 5*y = 4 - 6. What is the units digit of j?
1
Let d(h) = h**2 + 2*h - 1. Let j be d(1). Suppose 0*b + 31 = a + b, -j*a + 68 = -4*b. What is the tens digit of a?
3
Let c(r) = 19*r - 9. What is the units digit of c(6)?
5
Let n = -23 + 65. Suppose -4*h + 4*o + n = 6, 5*h - 53 = o. What is the units digit of h?
1
Suppose 5*d + 3*y - 18 = 0, 15 = 3*d + d + 3*y. Suppose -d + 5 = 2*a. What is the units digit of a?
1
Let x = -14 + -18. What is the units digit of 2*4/x*-20?
5
What is the units digit of (36/10)/(48/160)?
2
Let g(b) = b - 6. Let r be g(8). Suppose 0*y - 32 = -5*o - 2*y, -r*y = 8. What is the units digit of o?
8
Let u be -1 + (219/3)/(-1). Let h = u - -140. Suppose 5*k = 4*o + 21 - h, 4*k = 5*o - 54. What is the units digit of o?
0
Suppose -2*b + 24 = o, 36 = b + b - 2*o. Let u = -10 + b. Suppose 0 = u*w - a - 24, -2*w + 5*a + 13 = -17. What is the units digit of w?
5
Let b(r) = -r**3 - 21*r**2 - 3*r - 30. What is the tens digit of b(-21)?
3
Let b = 185 + -106. Let q = -47 + b. What is the units digit of q?
2
Suppose 5*u - 1070 = 960. What is the tens digit of u?
0
Suppose -13 - 23 = 4*q. Let z = q - -15. What is the units digit of z?
6
What is the units digit of ((-3)/(-2))/(3/600*12)?
5
Let s(m) = -m**3 + 3*m**2 + 6*m - 6. Let b be s(4). Suppose 2*y - 104 = -b*y. What is the tens digit of y?
2
Suppose 5*t - 341 = -3*i, 5*i + 2*t = -2*t + 590. What is the units digit of i?
2
Let g(a) = -4*a + 12. Let i be g(-7). Suppose 0 = -4*d + 2*d + i. What is the units digit of d?
0
Let j(m) = -3*m**2 - 10*m + 16. Let y(r) = 2*r**2 + 10*r - 15. Let o(p) = 3*j(p) + 4*y(p). What is the units digit of o(8)?
4
Let c = 1 - 1. What is the units digit of (c + -1)/((-6)/48)?
8
Suppose -4*o - r - 2*r = 8, -r - 4 = 0. What is the units digit of o?
1
Let f(q) = q**3 - 5*q**2 - 2*q + 3. Let d be f(5). Let n be ((-29)/4)/(d/28). Suppose -2*w + 4*h - h = -n, -53 = -5*w + h. What is the tens digit of w?
1
Suppose 4*u + f - 3*f - 424 = 0, -4*f = -2*u + 212. What is the tens digit of u?
0
Let t be (-2)/8 + (-210)/56. Suppose -a - 74 = -7*l + 2*l, -5*a + 36 = 4*l. Let w = l + t. What is the units digit of w?
0
Let x(u) = -u + 10. Let s be x(7). Suppose -45 = -5*g - w, -3*g = s*w - 15 - 24. What is the units digit of g?
8
Let d be ((-14)/35)/((-2)/100). Let o = d + -8. What is the tens digit of o?
1
Suppose -5*s - 1 + 11 = 0. Suppose -5*f = -s*l - 94, -3*f - 5*l + 95 = f. What is the units digit of (-4)/(-5) + 4/f?
1
Suppose 2*r + 2*r - 12 = 0. Suppose 0 = r*p - 79 - 59. What is the units digit of p?
6
Suppose 4*i = u + 16, -3*u - 21 = -3*i - 0*u. Let h(q) = -2*q + 1. Let f be h(0). Let b = i + f. What is the units digit of b?
4
Let u = 4 - 2. Suppose 0 = -4*d + 2*d + 4*l - 8, l = -u*d + 7. Suppose -2*g = -3*g + 4, -d*g - 28 = -4*v. What is the units digit of v?
9
Let i = 17 - 1. What is the units digit of i?
6
Let x be 1/(-1 - 20/(-19)). Suppose 1 = -w + q, -q = 5*w - 0*q - x. What is the units digit of w?
3
Let n(y) = y**2 - 2*y + 3. What is the units digit of n(2)?
3
Let t be -1 - (-7 + (3 - 2)). Suppose 2*f = o - 8, 0*o - 4*f = t*o - 40. What is the units digit of o?
8
Let j = -46 - -105. What is the units digit of j?
9
Let z(b) = 7*b - 15. Let k(d) = 7*d - 15. Let i(u) = -2*k(u) + 3*z(u). What is the tens digit of i(7)?
3
Let p be 35 - ((-4)/2 + 2). Let n = -19 + p. What is the units digit of n?
6
Suppose 2*k = -0*k - 110. Let c = 26 + -63. Let f = c - k. What is the tens digit of f?
1
Let u = -2 - 2. Let g = u + 17. What is the units digit of g?
3
Let y(z) = 10*z + 4. Let b be y(-3). Let t = b + 42. What is the units digit of t?
6
Let b(k) = 2*k - 7. Let f(n) = 5*n**2 - n + 1. Let m be f(1). Let l be b(m). Suppose i - 33 = -l*h - 14, 2*h - 2*i - 18 = 0. What is the units digit of h?
7
Let h = -6 + -7. Let v = h + 25. What is the units digit of v?
2
Suppose 3*i - l - 38 = 0, 3*i = 2*l + 11 + 29. What is the units digit of (5/(-20))/((-3)/i)?
1
Let q(o) = 2*o**2 - 2*o + 1. Let j be q(2). Suppose 3*g - 119 = 5*m, 4*g = j*g - 3*m - 41. What is the tens digit of g?
3
Let w(b) = b**3 - 10*b**2 + 4. Let h be w(10). Suppose 0 = 4*x - 2*x + h. Let s = 5 - x. What is the units digit of s?
7
Let d be 0/2 - (4 - 5). What is the tens digit of d*3*180/27?
2
Let d = 7 - -15. What is the tens digit of ((-33)/d)/((-3)/58)?
2
Let r = 8 + -3. Suppose -3*d - 1 = -2*d. Let h = r + d. What is the units digit of h?
4
Let r be -1 - (2 + -2) - -1. Suppose 5*f - a = 26, -5*f + r*a - a + 34 = 0. Let u(v) = v. What is the units digit of u(f)?
6
Suppose -20 = -c - 5*b, -c - 4*b = 2*c - 27. Suppose u + 3*m - 4 = 1, 42 = c*u - 2*m. What is the units digit of u?
8
Let g be (1/2)/(1/(-10)). Let x be (-1 - 0 - g)*1. Suppose 0 = 2*r - x + 2. What is the units digit of r?
1
What is the units digit of 124 + 0 - (6 - 2)?
0
Let i(j) = j**2 + 13*j + 16. Let c be i(-12). Suppose 0 = -z - c*m + 3, -3*z + 9 = -4*m. What is the units digit of z?
3
Suppose 0 = -2*q + 5*k + 120, -5*q + k + 269 = 4*k. What is the units digit of q?
5
What is the units digit of (15 - 120)*(-3 - 0/3)?
5
Suppose -3*n = -2*q - 11, -2*q - 2*q = 3*n + 13. Let i be (-2)/(-3) - q/3. What is the units digit of ((-2)/(-4))/(i/4)?
1
Suppose -3*w = -4*w + 19. What is the units digit of w?
9
Let a(q) = q + 9. Let n be a(-7). Let w be 42/9 - n/(-6). Suppose 2 = -m + w. What is the un